ainder when 144455 is divided by 143588?
867
Calculate the remainder when 2084453 is divided by 1653.
20
Calculate the remainder when 969129 is divided by 521.
69
What is the remainder when 10842248 is divided by 9371?
1
Calculate the remainder when 8410 is divided by 3645.
1120
What is the remainder when 9864 is divided by 1372?
260
Calculate the remainder when 6669033 is divided by 833628.
9
Calculate the remainder when 1050359 is divided by 116673.
302
Calculate the remainder when 5439952 is divided by 604439.
1
What is the remainder when 2673581 is divided by 1582?
1
What is the remainder when 33780511 is divided by 151?
150
Calculate the remainder when 5163895 is divided by 152.
151
Calculate the remainder when 1967118 is divided by 3427.
20
Calculate the remainder when 594024 is divided by 73808.
3560
Calculate the remainder when 943691 is divided by 159.
26
What is the remainder when 217941424 is divided by 38?
24
Calculate the remainder when 4821931 is divided by 54179.
0
Calculate the remainder when 165888630 is divided by 123.
6
What is the remainder when 36335474 is divided by 7267092?
14
Calculate the remainder when 9305122 is divided by 202.
194
What is the remainder when 85998180 is divided by 42999087?
6
What is the remainder when 6929329 is divided by 1732331?
5
What is the remainder when 6503111 is divided by 69?
68
Calculate the remainder when 606579 is divided by 504.
267
What is the remainder when 2467300 is divided by 23954?
38
Calculate the remainder when 24799 is divided by 24601.
198
What is the remainder when 25213538 is divided by 850?
838
What is the remainder when 63840 is divided by 63638?
202
What is the remainder when 44432927 is divided by 2378?
2375
Calculate the remainder when 502648908 is divided by 167549632.
12
What is the remainder when 121417 is divided by 4727?
3242
What is the remainder when 54507 is divided by 16066?
6309
Calculate the remainder when 27186462 is divided by 240588.
18
Calculate the remainder when 529114 is divided by 1275.
1264
Calculate the remainder when 543205985 is divided by 526.
525
What is the remainder when 3092 is divided by 1695?
1397
What is the remainder when 8302199 is divided by 403?
399
Calculate the remainder when 484591460 is divided by 108.
104
What is the remainder when 70846954 is divided by 14?
10
Calculate the remainder when 1097067 is divided by 22389.
6
What is the remainder when 24106036 is divided by 734?
8
What is the remainder when 3043696 is divided by 552?
520
Calculate the remainder when 1318418067 is divided by 68.
67
Calculate the remainder when 1200116 is divided by 498.
434
Calculate the remainder when 32568768 is divided by 204.
168
Calculate the remainder when 1566793537 is divided by 8860.
8857
Calculate the remainder when 507909 is divided by 367.
348
Calculate the remainder when 2850739 is divided by 1183.
892
What is the remainder when 167175 is divided by 23806?
533
Calculate the remainder when 610032 is divided by 341.
324
Calculate the remainder when 1608798 is divided by 402107.
370
What is the remainder when 51432231 is divided by 11?
4
Calculate the remainder when 263399 is divided by 184.
95
What is the remainder when 497073 is divided by 1624?
129
Calculate the remainder when 2115494 is divided by 423092.
34
Calculate the remainder when 19308548 is divided by 8428.
0
What is the remainder when 410694 is divided by 7333?
46
What is the remainder when 21576472 is divided by 639?
637
What is the remainder when 24295 is divided by 2685?
130
Calculate the remainder when 7387443 is divided by 19.
15
Calculate the remainder when 88894 is divided by 594.
388
What is the remainder when 57577004 is divided by 2089?
2075
What is the remainder when 11054673 is divided by 160212?
45
Calculate the remainder when 722480 is divided by 77.
66
What is the remainder when 1493825 is divided by 5082?
4799
What is the remainder when 11176934 is divided by 1987?
59
What is the remainder when 34829 is divided by 2112?
1037
Calculate the remainder when 12271320 is divided by 86.
66
Calculate the remainder when 94164 is divided by 45596.
2972
Calculate the remainder when 429438 is divided by 42939.
48
Calculate the remainder when 196632 is divided by 21820.
252
What is the remainder when 280493 is divided by 140213?
67
Calculate the remainder when 1452707 is divided by 6261.
155
What is the remainder when 79039 is divided by 641?
196
What is the remainder when 185607 is divided by 884?
851
What is the remainder when 36719516 is divided by 5245645?
1
What is the remainder when 1153169 is divided by 144146?
1
What is the remainder when 7106885 is divided by 1015255?
100
What is the remainder when 586396 is divided by 6152?
1956
Calculate the remainder when 38683826 is divided by 98.
90
Calculate the remainder when 8405443 is divided by 8129.
57
Calculate the remainder when 374455 is divided by 378.
235
What is the remainder when 3733999 is divided by 4126?
4095
Calculate the remainder when 2763072 is divided by 113.
109
Calculate the remainder when 3388931 is divided by 517.
513
What is the remainder when 5281 is divided by 849?
187
What is the remainder when 60201 is divided by 29969?
263
Calculate the remainder when 10733791 is divided by 659.
658
What is the remainder when 120736867 is divided by 345?
322
What is the remainder when 6984233 is divided by 2167?
2159
What is the remainder when 165930 is divided by 1155?
765
Calculate the remainder when 7103218 is divided by 416.
18
Calculate the remainder when 32925373 is divided by 2251.
2247
What is the remainder when 26402203 is divided by 86?
31
What is the remainder when 105742112 is divided by 37?
34
Calculate the remainder when 671969 is divided by 17.
10
Calculate the remainder when 52236229 is divided by 885.
874
Calculate the remainder when 165731 is divided by 26805.
4901
What is the remainder when 19963301 is divided by 149?
132
Calculate the remainder when 239025 is divided by 53.
48
What is the remainder when 10003116 is divided by 833592?
12
Calculate the remainder when 355570 is divided by 18709.
99
Calculate the remainder when 423696 is divided by 51.
39
Calculate the remainder when 2644868 is divided by 305.
213
What is the remainder when 614947 is divided by 6833?
6810
What is the remainder when 45928 is divided by 4579?
138
Calculate the remainder when 17978590 is divided by 1458.
1450
What is the remainder when 1804269 is divided by 30071?
9
What is the remainder when 582072 is divided by 388?
72
Calculate the remainder when 98862007 is divided by 273.
244
What is the remainder when 467393 is divided by 867?
80
Calculate the remainder when 4734344 is divided by 760.
304
Calculate the remainder when 3194091 is divided by 91259.
26
Calculate the remainder when 31529 is divided by 29359.
2170
What is the remainder when 1860842 is divided by 2894?
0
What is the remainder when 63151207 is divided by 12189?
12187
Calculate the remainder when 706129 is divided by 54317.
8
What is the remainder when 2434301 is divided by 2063?
2024
What is the remainder when 99954 is divided by 98773?
1181
Calculate the remainder when 183352 is divided by 89377.
4598
What is the remainder when 2339521 is divided by 234?
223
Calculate the remainder when 1780035 is divided by 1779675.
360
Calculate the remainder when 30143622 is divided by 109.
108
Calculate the remainder when 389769587 is divided by 1645.
1642
What is the remainder when 59889086 is divided by 29?
26
What is the remainder when 48788373 is divided by 21?
18
Calculate the remainder when 141402 is divided by 2024.
1746
Calculate the remainder when 924438 is divided by 307653.
1479
What is the remainder when 155058 is divided by 14944?
5618
What is the remainder when 26663141 is divided by 3181?
3180
What is the remainder when 3018198 is divided by 867?
171
What is the remainder when 4507416 is divided by 309?
33
Calculate the remainder when 25948528 is divided by 1099.
39
Calculate the remainder when 493415 is divided by 3376.
519
Calculate the remainder when 51645 is divided by 1209.
867
Calculate the remainder when 1722537 is divided by 78.
63
What is the remainder when 2153 is divided by 1111?
1042
What is the remainder when 39129 is divided by 19554